**4/4 + 19*a**3/6 + 19*a**2. Is p(-6) a composite number?
False
Suppose -4*d + 22 - 6 = 0. Let v(w) = -w**2 + 6*w - 6. Let g be v(d). Suppose -9 = -m - g*m, 3*m = 2*b - 413. Is b a composite number?
False
Is ((-11846)/(-4))/((-24)/(-48)) composite?
False
Let i(m) = -2*m**3 - 36*m**2 - 27*m - 54. Let o(v) = 3*v**3 + 54*v**2 + 41*v + 81. Let d(a) = 7*i(a) + 5*o(a). Is d(-14) a prime number?
True
Let h = 3 - 1. Let v = 12 + -7. Suppose 3*u = -3, -v*a + 6737 = h*u + 1344. Is a composite?
True
Let c(b) = 6*b**2 + 12*b - 65. Is c(19) a prime number?
False
Let a(v) = -v**3 - 5*v**2 + 4. Let n be a(-5). Suppose 0 = n*y - 3035 - 2273. Is y a composite number?
False
Let y(u) = 59*u**2 - 6*u + 20. Suppose -4*p + 20 + 0 = 4*i, -5*p + 25 = 3*i. Is y(p) composite?
True
Is (-7 + 4)/9*-105447 a prime number?
True
Suppose 4*o = 5*u + 3, 0 = -5*u + 3*u + 2. Suppose 2*a - 4*y = 4*a - 1274, 3*y - 1279 = -o*a. Is a a composite number?
False
Let z = -2076 + 5669. Is z composite?
False
Suppose 3*s + s = 1224. Suppose z - s = -103. Is z a prime number?
False
Let i = -13 + 26. Let y(b) = 19*b - i*b**2 - 7 - 14*b + 7*b - b**3. Is y(-15) prime?
True
Suppose -1047 = -34*k + 10411. Is k a prime number?
True
Let f = -8 + 15. Let l(s) = 5*s**2 - 6*s - 4. Is l(f) composite?
False
Is 105/21 + 84158 + 3 prime?
False
Suppose 0 = 3*s + 17 - 32. Suppose 0*t + 2*t - 118 = 4*w, -s*t - 4*w + 267 = 0. Is t composite?
True
Let s = 40 + -46. Let g(p) = 7*p**2 - 9*p - 19. Is g(s) composite?
True
Let d be 2 - (-2 + (2 - 3)). Suppose 3*p - d*y - 931 = 0, 0 = -p - 4*p + 3*y + 1541. Is p a prime number?
True
Suppose -2*z + 0*d + 2*d = 8, 5*z + 3*d - 12 = 0. Suppose z*u + 2*u - 369 = x, -2*u - 5*x + 375 = 0. Is u a prime number?
False
Let j(f) = -6*f**3 + 5*f**2 - 5*f + 10. Let n be j(-5). Suppose -5*o = -5*h + n, -2*h - o + 243 + 130 = 0. Is h a prime number?
False
Let p(l) = l**3 + 6*l**2 + 2*l - 1. Let b be p(-2). Let f(o) = -12 - 17*o**2 + 15*o + 18*o**2 + 19. Is f(b) a composite number?
False
Let r be 6522 + (-2 - 2) + 2 + 4. Suppose 4*q = -2*x + r, -q + 1631 = -3*x + 7*x. Is q prime?
False
Suppose 0 = -m - 4*m + 235. Suppose -4*f + m + 5 = 0. Is f a composite number?
False
Suppose 74037 = 23*k - 25714. Is k prime?
True
Let w(k) = 6521*k**2 + 13*k - 13. Is w(1) a composite number?
False
Let j(a) = a**3 - 9*a**2 + 7*a + 11. Let n be (-3 - 1) + -10 + 22. Let h be j(n). Suppose 4*i - 1814 = 2*o, -2*o - 1363 = -h*i - 0*o. Is i a composite number?
True
Is 4940 + (12/(-2) - -3) composite?
False
Let k(i) = 7 - 3 + i - 4. Is k(15) composite?
True
Let i(a) = 83*a + 2. Let r be i(2). Let u be 2/(1/(-3)*72/444). Let s = r + u. Is s composite?
False
Let i = -75 - -75. Suppose i = -7*p + 6*p + 4547. Is p composite?
False
Let r(n) = -2*n + 9*n - 7 - 3*n + 9*n. Is r(2) composite?
False
Let o be (-9)/(4/(-8) - -2). Let b be o/(-5)*(-40)/(-16). Is 1 - (-236)/(b - 1) a prime number?
False
Is 4*(1 - 930/(-8)) composite?
True
Suppose 60 = c - 362. Suppose 0 = 9*v - 7*v - c. Is v composite?
False
Suppose 0 = -4*c - 8, 2*y - 3*c = 6*y + 110. Let s = -22 - y. Suppose -2*w - 295 = -5*o, -6*o + o = -s*w - 305. Is o prime?
False
Let a(l) = 2*l**2 - 3*l - 171 + 2*l**2 + 169. Let x = 0 - -13. Is a(x) composite?
True
Suppose 3*u - 2 = 4. Suppose d + 0 + u = 0. Let o(x) = 22*x**2 - 2*x - 1. Is o(d) prime?
False
Suppose 132047 = 26*j - 11291. Is j a composite number?
True
Suppose -4*j - 136 = 4*x + 100, 0 = 3*x + 2*j + 179. Let r = 180 + x. Is r a prime number?
False
Let q be 1 + (0/1)/1. Let m(n) = 63*n - 1. Let p(j) = -32*j + 1. Let z(s) = 3*m(s) + 5*p(s). Is z(q) a composite number?
False
Suppose 2*m - 20 = 6*m + 5*a, 2*m + 8 = -2*a. Is (3 - m) + -6 + 350 a prime number?
True
Suppose 0 = -0*l + 3*l + 21. Let c(o) = -109*o - 8. Is c(l) a prime number?
False
Let x(o) = o - 10. Suppose -3*u + 3*f + 42 = 0, 0 = -4*u - f - f + 50. Let y be x(u). Suppose 274 = y*h - 155. Is h prime?
False
Suppose 3*s + 710 = h, 7*h - 2*h + 3*s = 3622. Let j = h + 395. Is j a composite number?
False
Let l(x) be the second derivative of x**5/20 - 3*x**2/2 - 5*x. Let f be l(3). Let y = -10 + f. Is y a composite number?
True
Let s(v) = 146*v**2 - 29. Suppose 0 = 3*z + 11 + 7. Is s(z) composite?
False
Let v(q) = q**2 - 2*q + 1076. Let x be v(0). Suppose 0 = -w + 3*w - x. Is w a composite number?
True
Suppose 4*t - 15 = 53. Suppose t*q = 20*q - 2703. Is q a prime number?
False
Is 4/70 - 174328/(-1960) prime?
True
Let r = -42152 - -66045. Is r a composite number?
False
Let k = -113 - -105. Is 9/36 + (-6326)/k prime?
False
Let z(g) be the third derivative of -g**6/15 - g**5/5 - g**4/6 - 7*g**3/6 + 5*g**2. Is z(-5) a prime number?
False
Let b(y) = -77*y**3 + 6*y**2 - 26*y - 8. Is b(-7) composite?
False
Suppose -6 = 4*m - 3*d, -4*d + 8*d = -4*m + 8. Suppose 5*g + 3*n + 2*n - 790 = m, -476 = -3*g - n. Is g prime?
False
Suppose -4*j - 5*k = 7, 0 = j - 2*k - 0*k - 8. Let g be (2992/(-12))/(1/(-3)). Suppose -4*v + g = -2*c - 56, j*c - 414 = -2*v. Is v prime?
False
Suppose -3*d + 0*d = 4*o + 18, 0 = -5*d - 3*o - 19. Let m be (-164)/(12/3) - d. Let q = 134 + m. Is q a composite number?
True
Let a = 17866 + -9719. Is a a composite number?
False
Let s = -24774 + 35677. Is s a prime number?
True
Let g(b) = -b**3 + 8*b**2 - 5*b - 7. Let f be g(7). Suppose 5*t - 2*h = f, 2*t = 4*t - 3*h + 6. Suppose -t*i + 1461 = -0*i. Is i a composite number?
False
Let y(u) = -36*u + 30. Let v be y(-6). Suppose 3*p - 5*p + 4*x = -v, -x + 226 = 2*p. Is p a prime number?
False
Suppose 19*p - 20*p = -4. Suppose 0*y + 1884 = p*y. Is ((1 - y)/(-5))/2 a prime number?
True
Let u(h) = 267*h - 14. Is u(3) prime?
True
Let z(c) be the second derivative of c**4/12 + 2*c**3 + 15*c**2/2 + 14*c. Let j be z(-12). Is ((-406)/(-6))/(5/j) composite?
True
Let y = 27879 + -14068. Is y a composite number?
True
Suppose -6*y = -2*y. Let d be -5 + 7 + y + -2. Suppose 4*f - 5*f + 3*s + 70 = d, 215 = 4*f + s. Is f prime?
False
Let i(t) = -35*t**3 - 11*t**2 - 23*t + 9. Suppose 4*y + 34 + 10 = 0. Let o(m) = 12*m**3 + 4*m**2 + 8*m - 3. Let f(s) = y*o(s) - 4*i(s). Is f(2) a prime number?
False
Suppose 11*g - 10*g - 6 = 0. Let f be g - (4 + 1/(-1)). Suppose 55 = m - t, -f*m + 3*t + t = -169. Is m prime?
False
Let j(t) = -t**3 + 2*t**2 + 3*t. Let n be j(3). Suppose 0 = 3*c - 7*c + 2284. Suppose n = 2*y + 3*w - c, -6*y + 2*y = 3*w - 1145. Is y a prime number?
False
Suppose -a - 1 = 0, 11*c - 8*c = 3*a + 25008. Is c prime?
False
Is 558 - (-10)/(-4)*-2 prime?
True
Suppose -3*o - 14 = 4*l, 0*l - 3*l + 4 = -5*o. Let s(t) = 113*t**2 - 3. Is s(o) prime?
True
Let z = 54348 - 21353. Is z a prime number?
False
Let m = 28383 + -14500. Is m a prime number?
True
Suppose -6*w = -134191 + 9277. Is w composite?
True
Let x(d) = 955*d - 13. Let u be x(-4). Let o = -936 - u. Is o a composite number?
False
Let p = 1348 - 296. Let f = -63 + p. Is f composite?
True
Let o(q) = 175*q + 3. Let y be o(1). Suppose s = 3*s - y. Is s a composite number?
False
Let l(b) = -4*b**2 + b - 1. Let p be l(1). Let a = -1 - p. Suppose a*t + 5*z - 80 = 262, -t + 5*z + 134 = 0. Is t a composite number?
True
Suppose -90*n + 105*n = 556305. Is n a composite number?
False
Suppose -11 = -4*l + p, 7*l - 14 = 3*l + 2*p. Let g(c) = 7 - 3 + 9*c - 2*c**2 - 3 + 5*c**l. Is g(-9) prime?
True
Let n(u) = u**3 - 9*u**2 - 15*u + 15. Let w(r) = 2*r - 4. Let y be w(2). Suppose 3*b + y*b - 36 = 0. Is n(b) a composite number?
True
Suppose 76*s - 81*s + 4975 = 0. Is s a prime number?
False
Let c(s) = -s**3 - 9*s**2 + 26*s - 17. Let g be c(-12). Let j = 744 - g. Is j a prime number?
True
Let b be (-5)/(-20)*(-2 - -2). Suppose 4*c = 2*t - 67 - 45, b = 5*t + c - 225. Is t prime?
False
Let w be (-2)/(-10) + (-18)/90. Suppose 0*x + x = 0. Suppose x*f - 2*f + 22 = w. Is f composite?
False
Let z be 754/3 - -2 - 52/(-78). Suppose 2*c = 5*c - 15. Suppose 0 = -3*o - g + z, -c*g = -16 - 9. Is o prime?
True
Suppose 2*y + 4*p - 4 = 0, 0*y + 4*y = 2*p - 22. Let b be (-3 + 15)/y + 5. Suppose 3*c - 1919 + 454 = -4*w, -w + 975 = b*c. Is c prime?
True
Suppose -1 = i + 2. Let y = -7 - i. Is (-44)/55*230/y prime?
False
Let d be 1 - ((-28)/(-12) + -3)*6. Suppose -4*y = -3*k + 6473, 2949 = -4*k + d*y + 11579. Is k a prime number?
False
Let d(n) = 37*n - 100 - 713*n - 204*n + 43. Is 